der when ((-4)/(-10))/((-1)/(-35)) is divided by 8.
6
Let w be 0 - -2 - (2 - 3). Let n(t) = 0*t**2 + t**3 + t**2 - t + w + 1. What is the remainder when n(0) is divided by 3?
1
What is the remainder when ((-60)/(-4))/(5/(-2) + 4) is divided by 4?
2
Let k(j) = 7*j**2 - 9*j + 16. Calculate the remainder when k(4) is divided by 19.
16
Let b be (2/(-5))/(2/(-5)). Let f = b - -1. Suppose -f*c + 33 = c. What is the remainder when 43 is divided by c?
10
Let c(h) = 12*h - 7. Calculate the remainder when 67 is divided by c(2).
16
Suppose -4*i - 9 = -29. Let u(h) = -2*h - 3. Let v be u(-2). What is the remainder when (v - 22/6)*-3 is divided by i?
3
Let m be (-4)/(-2) - 6/(-2). Suppose -5*z + 79 = t - 14, 0 = m*t - 15. Let n = z + -4. What is the remainder when 27 is divided by n?
13
Suppose 2*d + 0*d - j = 18, 8 = 2*d + 4*j. Let i(b) = b**2 + 2*b. What is the remainder when i(3) is divided by d?
7
Suppose 6*c - 8*c = -312. Suppose 42 = q - 2*f, -f + 3*f + c = 4*q. Calculate the remainder when q is divided by 10.
8
Suppose 43 = 3*h - 2*w, -4*w = 3*h + 8 - 21. Suppose -3*g + 49 = 4*j, -g - 8 = -3. Let l = -10 + j. What is the remainder when h is divided by l?
5
Suppose y - 8 = -7. What is the remainder when y is divided by 1?
0
Suppose 3*g - 8 = 5*g. What is the remainder when 62 is divided by (-1)/(4/(208/g))?
10
Let n = -122 + 139. What is the remainder when 117 is divided by n?
15
Let t(z) = z**3 - 7*z**2 + 6*z + 8. Let k(n) = -n**3 - 18*n**2 - n + 8. Calculate the remainder when t(7) is divided by k(-18).
24
Suppose -10 = 2*l - 186. Calculate the remainder when l is divided by 15.
13
Let q(c) = 4*c - 17. Calculate the remainder when q(15) is divided by 11.
10
Let f = -60 + 22. Let j = f + 80. Calculate the remainder when j is divided by 11.
9
Suppose -2*r = -20 - 20. What is the remainder when r is divided by 6?
2
Let s(c) = 3*c + 4. Let k = 8 + -2. What is the remainder when s(4) is divided by k?
4
Suppose 0*x + 2*x + 3*u - 39 = 0, 0 = 5*x - u - 106. Calculate the remainder when x is divided by 8.
5
Let r(f) = f + 23. Let o = 2 - 2. Calculate the remainder when r(o) is divided by 8.
7
Suppose 7*r = 2*r - b + 275, 5*b + 305 = 5*r. Suppose -2*d = z - 40, -r + 173 = 3*z + 3*d. Calculate the remainder when z is divided by 10.
8
Let h = -10 + 27. Calculate the remainder when h is divided by 7.
3
Let m(i) = -i**2 + 3*i + 19. Calculate the remainder when 35 is divided by m(5).
8
What is the remainder when 18 - 0 - (-18)/(-9) is divided by 6?
4
Let c = -100 - -172. Suppose -3*b - b + c = 0. Suppose 3*n - 4*i = b, 2*n = 3*i + 15 - 4. Calculate the remainder when 18 is divided by n.
8
Suppose -1 + 0 = q + 2*m, 0 = -2*m + 2. Let r = -1 - q. Calculate the remainder when r is divided by 2.
0
Let c = 31 + -9. Calculate the remainder when -12*(4 - 2 - (-154)/(-21)) is divided by c.
20
Suppose 0*v - 4*v - 12 = 0, 2*v - 687 = -3*c. Let j = c + -157. Calculate the remainder when j is divided by 25.
24
Suppose 0 = 2*c + r - 10, -5*c + 2*c - 4*r = -15. Let u be ((-4)/c)/((-3)/(-30)). What is the remainder when -4*(58/u + -2) is divided by 13?
11
Let p(o) = 22*o**3 - 2*o**2 - 2*o - 1. Let v be p(-1). Let f(k) = 2*k**2 + 5*k. What is the remainder when (v/3)/(5/(-15)) is divided by f(-4)?
11
Let x = 68 + -25. Let q = x - -8. Calculate the remainder when q is divided by 18.
15
Suppose -c - 21 = -4*c. Let r = -4 - -8. What is the remainder when c is divided by r?
3
Let q(m) = m**2 + 2*m - 5. Let p be q(-5). Let k be 172/20 + 4/p. Suppose 5*a = k*a - 84. Calculate the remainder when a is divided by 11.
10
Let v(s) = 5*s - 76. What is the remainder when 46 is divided by v(19)?
8
Let w(u) = u**3 + 5*u**2 - 5*u + 4. Let i be w(-5). Let z = i - 17. Calculate the remainder when (-20)/(-6)*1*z is divided by 14.
12
Suppose 3*q + 4*d = 117, -3*q + 4*d + 141 = -0*d. Calculate the remainder when 128 is divided by q.
42
Let v = 142 + -45. What is the remainder when v is divided by 11?
9
Let j(h) = 2*h - 4. Calculate the remainder when 9 is divided by j(5).
3
Let o = -20 - -35. Suppose 2*m = -2*w - 3*m + 44, 4*m = -4*w + 100. What is the remainder when w is divided by o?
12
Suppose 15*q = 29 + 31. Calculate the remainder when 6 is divided by q.
2
Suppose -10*c + 6*c + 20 = 0. What is the remainder when 17 is divided by c?
2
Let i(j) = -j + 15. Let d be i(12). Suppose 0 = f - 7 - d. What is the remainder when 29 is divided by f?
9
Suppose 5*d = 49 + 36. What is the remainder when d is divided by 6?
5
What is the remainder when -4*((-17)/2 + -1) is divided by (1 - -19) + 0*2/(-4)?
18
Suppose z = -3*c + 14, z + 5*c + 0 = 16. What is the remainder when 1 + 0 + 42 + 0 is divided by z?
10
Suppose 4*j - p - 1 = 0, 0 = 5*j - 4*p - 7 + 14. What is the remainder when 3 is divided by j?
0
Let j(u) = 36*u**3 + u**2 + 4*u - 4. Calculate the remainder when j(1) is divided by 13.
11
Suppose 30 = 8*i - 2*i. What is the remainder when (-23)/(-3) - 2/(-6) is divided by i?
3
Let a = 13 + -7. Suppose -5*i - 5*w = -35, 2*i - 4*w = -a - 10. Suppose i*k - 13 = 9. What is the remainder when 21 is divided by k?
10
Let v = -7 - -10. Suppose 2*h = -v*h + 105. What is the remainder when 62 is divided by h?
20
Let t(a) = 6*a. Let b = 1 - -2. Suppose -3*h + 28 = 2*c, 4*c + 5*h - 21 = b*c. What is the remainder when c is divided by t(1)?
5
Let q = 24 - 12. Suppose 5*d = d + 48. What is the remainder when 2/q + (-262)/(-12) is divided by d?
10
Suppose -4*q = m - 0*q - 14, -2*q + 12 = m. Let p(v) = 2*v + 2. Calculate the remainder when p(m) is divided by (-258)/(-21) - (-6)/(-21).
10
Suppose -4*t - 580 = -2*c, -4*t - 1216 = -4*c - 76. Suppose 4*i + 4*o - c = 0, -313 + 30 = -4*i - 5*o. Calculate the remainder when i is divided by 23.
21
Let v(m) be the first derivative of 5*m**3/3 + m**2 - 1. Suppose 4*l - 6*l + 20 = -2*z, 3*z + 42 = 5*l. Calculate the remainder when v(-2) is divided by l.
4
Let r(t) = 5*t**2 - t - 2. What is the remainder when 77 is divided by r(2)?
13
Let h(a) = -a**3 + a**2 + 4*a + 1. Suppose 0 = -3*y - 6 - 6. Calculate the remainder when h(y) is divided by 22.
21
Suppose -4*d + 2*w - 3622 = 0, -676 + 3385 = -3*d - w. Let m = d + 454. What is the remainder when 3/(-12) + m/(-8) is divided by 19?
18
Suppose 3*k - 16 - 32 = 0. Calculate the remainder when 77 is divided by k.
13
Suppose 0 = -3*f + 6. Suppose 0 = 4*q + 2*y + 2*y - 68, -2*y = -f*q + 14. What is the remainder when 23 is divided by q?
11
Suppose 2*g = 3*g - 215. Suppose 0*s + 5*s = g. Let q(n) = -n + 27. What is the remainder when s is divided by q(12)?
13
Let g(a) be the first derivative of -2*a**3/3 + a**2/2 + 2*a - 1. Let r be g(2). Let w(s) = -2*s + 2. What is the remainder when 27 is divided by w(r)?
7
Let t = 164 + -96. Suppose -2*q + 2*l + 63 - 25 = 0, -4*q = 4*l - t. What is the remainder when 51 is divided by q?
15
Let s(h) = 2*h**2 + 2. Let o be s(4). Suppose 3*p + 5*y - 49 = -9, o = 3*p + 2*y. What is the remainder when p is divided by 3?
1
Suppose 0 = -2*x + 3*p + 15, -3*x - 4*p + 3*p = -50. Let o = 2 + 0. Let h = o - -27. What is the remainder when h is divided by x?
14
Let a be (-4)/(-12)*18/1. Let u(k) = 8 + 7 + a - k. Calculate the remainder when 31 is divided by u(10).
9
Let i be -2 + ((-36)/(-1))/3. Suppose 2*g = -4*c + i, 0*g - g - 3*c = -3. Suppose 93 = g*x - 6*x. Calculate the remainder when x is divided by 16.
15
Let q be (1 + 3)*21/28. Let k = -17 + 47. Suppose 3*l = q*z + k, -50 = -2*l - 0*z - 4*z. Calculate the remainder when l is divided by 8.
7
Calculate the remainder when 23 is divided by 5/(-2)*(-32)/10.
7
Suppose 4*t - 3*n = 11, 2*n = -4*t + t + 4. Suppose t*p - 26 = 3*c, 22 = p - 0*c + 3*c. Calculate the remainder when 30 is divided by p.
14
Suppose 5*j + 54 = 8*j. What is the remainder when 52 is divided by j?
16
Let q(d) = -3*d - 1. Let u be q(-1). Suppose -4*f + 6 = -6*f, 5*k - 81 = 2*f. What is the remainder when k is divided by ((-3)/u)/(6/(-32))?
7
Let o(h) = h**2 - 3*h - 1. Let l be o(-2). Suppose -t + 3*g - 2 - l = 0, 5*g = 4*t + 16. Suppose -b = t - 4. Calculate the remainder when 7 is divided by b.
1
Let o(a) = 12*a - 1. Let p be o(-2). Let q = -9 - p. What is the remainder when q is divided by 6?
4
Let k be 10/3 + 2/(-6). What is the remainder when (1 - -28)*(k - 2) is divided by 10?
9
Suppose